*l + 2 = 0, u*o = 4*o - l - 2. What is the units digit of ((-25)/10)/((-1)/o)?
5
Suppose 5*g - 289 = 3*w, 3*w + g + 171 = w. Let l = w + 180. What is the tens digit of l?
9
Let o(z) = 2*z**3 + 1. Let t be o(-2). Let b = -20 - t. Let p = 25 - b. What is the tens digit of p?
3
Let d = -218 + 883. What is the hundreds digit of d?
6
Let w be 70/(-11 + 12 - (0 + 0)). Let m = w - -64. What is the units digit of m?
4
Let r = 14 + -9. Let x(s) = -5 - 2 + 4*s + 2 + 4*s - s**2. What is the units digit of x(r)?
0
Suppose 0 = u + 2*u - 102. Let s = -957 - -1031. Let l = s - u. What is the tens digit of l?
4
Suppose r + 14 = -35. Let b = -40 - r. What is the units digit of b?
9
Suppose 317*w - 316*w = 1863. What is the thousands digit of w?
1
Let r(d) = -d**3 + 4*d + 4. Suppose -5 = -5*u + 5*b, 0 = 3*u - 3*b - 2*b - 5. Let g = u - 3. What is the tens digit of r(g)?
1
Let d be 10 - 16/(8/2). Suppose -w + 90 = 4*h, -w + 4*w = d. What is the units digit of h?
2
Let z be 101 + (1 - (3 + -2)). Suppose 11*y - 59 = -15. Suppose 3*d - y*s = z, 2*d - d - 5*s = 30. What is the tens digit of d?
3
Suppose 56*q - 2988 = 54*q. What is the units digit of q?
4
Let h = 8 + 28. Let z be h - (1 - 4) - 3. What is the units digit of (-1 + 12)/(9/z)?
4
Let q = -528 + 872. What is the hundreds digit of q?
3
Suppose 175 = -4*w + 9*w. What is the tens digit of -7*(850/w)/(-5)?
3
Let m be -4 - -50*6/(-4). Let v = m + 180. What is the tens digit of v?
0
Let k(w) = -2*w**3 - 6*w**2 + 12*w - 16. What is the thousands digit of k(-11)?
1
Let i = 276 + 3785. What is the thousands digit of i?
4
Suppose 7*m = 2829 + 2463. What is the hundreds digit of m?
7
Suppose 2*z = 6*z + 36. Let b = 3 + z. What is the units digit of (290/(-30))/(1/b)?
8
What is the units digit of -2 + (9 - 5) + 427?
9
Let d = -4924 - -8643. What is the hundreds digit of d?
7
Suppose 0 = -114*q + 120*q - 2448. What is the hundreds digit of q?
4
Suppose -p - 28 + 31 = 0. Suppose 2*s - 2 = 0, -97 = -4*n + p*s + 272. What is the units digit of n?
3
Let q be -2 + 652 - (-3)/(6/(-4)). Suppose -9*v + 10*v = 0, -q = -4*d + 5*v. What is the hundreds digit of d?
1
Suppose -31*j + 36*j + 315 = 0. Let a = -9 - j. What is the units digit of a?
4
Let i = 6163 + -4048. What is the tens digit of i?
1
Let s(w) = -2*w - 12. Let n be s(-9). Suppose -n*d = -7*d. Suppose d*z + 2*z - 4*a - 74 = 0, -2*z - a + 79 = 0. What is the tens digit of z?
3
Suppose 18 = 3*t - 105. Suppose 3*h + t = 2*b, -4*b - 2*h - 39 + 145 = 0. What is the units digit of b?
5
Let x = 2701 - 2565. What is the hundreds digit of x?
1
Let a(n) = 53*n**3 - n**2 - 17*n**3 + 1 - n + 53*n**3 - n**2. What is the units digit of a(1)?
7
Let p(r) be the third derivative of 4*r**5/15 - r**4/12 - r**3/3 + 8*r**2. Let b be p(2). Let u = b + -41. What is the tens digit of u?
1
Suppose 3*p = -5*y - 20, -5*p - 4*y = 26 - 10. Suppose 4*z - 4*x + 44 = -p*x, -4*x = -20. Let d = 0 - z. What is the units digit of d?
6
Let r = 9536 + -6791. What is the hundreds digit of r?
7
What is the units digit of (-3066)/(-35) + 3/(-5)?
7
Suppose 161*m - 151*m = 1940. What is the tens digit of m?
9
Let d(j) = -10*j - 15. Suppose 4*u = -3*u + 133. Let g = -24 + u. What is the units digit of d(g)?
5
Let s(j) = -j**3 + 7*j**2 + j - 7. Let m be s(6). Suppose 0 = 3*k - 2*k - m. Suppose -7*x + k = -2*x. What is the units digit of x?
7
Let k = -20 - -22. Suppose -156 = k*h - 554. What is the tens digit of h/4 + 9/(-12)?
4
Suppose -12*h + 330 = -2*h. What is the hundreds digit of (17 + 1)*h*(-1)/(-2)?
2
Let o = 1200 + -785. What is the hundreds digit of o?
4
Let p = -10 + 11. Suppose 0 = -2*w + 3 + p. Suppose 8 = o + w. What is the units digit of o?
6
Suppose -4*f = -650 - 2070. What is the tens digit of f?
8
Suppose 4*o - 281 = 3*r + 161, -5*o - r + 543 = 0. Let u = 210 - o. What is the units digit of u?
1
Suppose -6*d + 20 + 10 = 0. Suppose l - d = t - 1, 3*l = 2*t + 12. Suppose -b + 5*b - 156 = t. What is the tens digit of b?
3
Suppose 290*c - 280*c - 63750 = 0. What is the thousands digit of c?
6
Let y(k) = -k. Let d be y(-1). What is the tens digit of (d + 88)/(-3 + (-8)/(-2))?
8
Let m be ((-1)/(-3))/(5/1065). Suppose -2*f + 131 = -3*j - 11, -f - 4*j + m = 0. What is the units digit of f?
1
Let b = -3854 + 7126. What is the units digit of b?
2
What is the units digit of 0 - (1 + -3385) - (-237 + 233)?
8
Let u = 20 + -16. Suppose -u*v = 32 - 116. What is the units digit of (v/(-12))/(-1)*16?
8
Let b(t) = 817*t - 5. What is the units digit of b(1)?
2
What is the tens digit of (-13352)/(-40) - 1/(-5)?
3
Suppose -2*h + 3*h = -2*g + 661, -2*h + 991 = 3*g. What is the tens digit of g?
3
Let t = -35 - -34. What is the tens digit of t*170/((-4)/2)?
8
Let z(q) = -q + 15. Let l be z(17). What is the tens digit of (-1)/l - (-90)/4?
2
Let g = 31 - 95. Let v = g - -146. What is the units digit of v?
2
Suppose -i + 5*q - 439 = -2233, 2*q = i - 1800. What is the units digit of i?
4
Let t be (-208)/78*9/2. What is the hundreds digit of 4/t*(-5 + 4 - 668)?
2
Let b(c) = -4*c + 51. Let w(d) = d - 17. Let v(j) = -3*b(j) - 8*w(j). Let q be v(7). Suppose q - 59 = -2*h. What is the units digit of h?
4
Let s = 1338 - 756. What is the tens digit of s?
8
Suppose -3*k = -72 + 234. Suppose 2*u + 212 = 4*u. Let c = k + u. What is the tens digit of c?
5
Suppose 4*j + 20 = 6*j. Let i(m) = m**2 - 3*m - 14. What is the tens digit of i(j)?
5
Let f = -44 + 119. What is the tens digit of 6 - 4 - f/(-5)?
1
Suppose -8*g + 7*g - 1 = 0. What is the units digit of (18/10 + g)*(-130)/(-2)?
2
Let u(c) = 93 + 3*c**2 - 4*c**2 + 3*c**3 - c**3 - c**3. What is the units digit of u(0)?
3
Let b(j) be the first derivative of 25/3*j**3 - j + 6 + 0*j**2. What is the units digit of b(1)?
4
Suppose 0 = -2*v - 2*v + 240. Suppose 2*g - 66 = -2*g + 2*n, -3*g = -5*n - v. Suppose 0 = 3*o + g, 2*o - 54 = -3*y - o. What is the units digit of y?
3
What is the hundreds digit of 4421/3 - 12*(-6)/54?
4
What is the tens digit of (-2)/3*(1109 + -16)*-3?
8
Let u be (-27)/3*3/(-1 + -8). Suppose -2 = -5*a - g, 4*a + 3*g = -3 + 9. Let c = a + u. What is the units digit of c?
3
Suppose -24 - 6 = -5*m. Suppose -m*t + 122 = -t - 4*x, 0 = -3*x - 9. What is the tens digit of t?
2
Let v = -213 - -143. What is the tens digit of ((-36)/15)/(((-33)/v)/(-11))?
5
Let i(d) = 30*d**2 + 17*d - 4. What is the units digit of i(-6)?
4
What is the tens digit of (-3)/((-1081)/(-654) + 25/(-15))?
1
Suppose 4*j + 3*m = 9107 - 1103, -3*j - 8*m + 6026 = 0. What is the hundreds digit of j?
9
Let a(u) = -u**2 + 3*u + 4. Let m be a(4). Suppose m = 3*w - 4*w + 31. What is the tens digit of w?
3
Let o = -938 + 1431. Let h = o + -201. What is the hundreds digit of h?
2
Suppose p - 4*o + 10 = -11, 3*p + 3*o = 12. Let m be -3 - 1/(p/5). Suppose -2*t - m*t = z - 92, 4*z - 5*t - 263 = 0. What is the units digit of z?
2
Suppose 3*o - 5562 = -3*z, -28*z = -33*z + 10. What is the tens digit of o?
5
Let x(v) = 9*v**2 + 9*v - 5. Let b(c) = 10*c**2 + 10*c - 5. Let r(d) = -5*b(d) + 6*x(d). What is the units digit of r(3)?
3
Let j be ((-9)/4)/(2 + 2500/(-1248)). Suppose -3*g - y - y = -j, 3*y - 227 = -g. What is the hundreds digit of g?
2
Let n = -263 + 339. What is the units digit of n?
6
Suppose 3*x - 300 = 4*k, 2*x + 39 + 25 = -k. Let u = k + 321. What is the hundreds digit of u?
2
Let x be 3*(-4)/(36/(-33)). Suppose x*n - 18 = 9*n. Suppose 12*r = n*r + 168. What is the tens digit of r?
5
Let r = 26 + -25. Let n be (4*r)/((-8)/(-4)). Suppose -n*b = 2*b - 196. What is the units digit of b?
9
Let n(z) = z + 2. Let q be n(2). Let t(d) = 233 - d + 2*d - 228. What is the units digit of t(q)?
9
Let w = 86 - 54. What is the tens digit of (-8)/(-2)*w*7/14?
6
Suppose 0 = h - 264 - 106. What is the hundreds digit of h?
3
Let u = 1994 - 1424. Let d be 16/(-10)*u/(-12). Suppose 0 = t + 15 - d. What is the tens digit of t?
6
Suppose -68*j = -72*j + 5728. What is the units digit of j?
2
Let b = 72 + -41. Let h be (129/3)/((0 - 1)/(-1)). Let v = h - b. What is the units digit of v?
2
Suppose -90*f = -99*f + 18297. What is the tens digit of f?
3
Suppose -18 = 5*v - 1208. What is the units digit of v?
8
Let y(l) = 18*l**2 - 32*l - 71. What is the tens digit of y(9)?
9
Suppose 0 = 3*i + 6, l + 2*i = 63 + 22. Let j = -85 + l